 Let t = 6 - 3. Suppose -25 = -t*d - 5*o + 12, 5*o = -5*d + h. What is the tens digit of d?
1
Let d = -93 - 164. Let g = -111 - d. Suppose 2*i = -2*n + g, -5*i = -10*i. What is the tens digit of n?
7
Let m = 1992 + -939. What is the tens digit of m?
5
Suppose -2*y + 57 + 1 = 0. Suppose -2*u + 93 = y. Suppose -3*t + 7*t = u. What is the units digit of t?
8
Suppose -46*l = -4*s - 47*l + 1745, -5*s - 4*l + 2173 = 0. What is the units digit of s?
7
Let m(k) = -19*k - 1. Let i = 14 - 17. Let s be i - (-3 + 0 - -1). What is the units digit of m(s)?
8
Suppose 21*m - 10200 = -4*m. What is the tens digit of m?
0
Suppose -3*m + 102 = -228. Let k = 217 - m. What is the hundreds digit of k?
1
Let v be (-2)/4*1 - (-4808)/16. Let q = v - 183. What is the hundreds digit of q?
1
Let s be (-3)/(-18) - 17/(-6). Suppose -9 = s*b - 15. Suppose -5*a + 3*p + 64 = 11, -3*p = -b*a + 23. What is the tens digit of a?
1
Let f(j) = -2*j**2. Let s(m) = -m**2 + m. Let x(z) = f(z) - 4*s(z). Let y be x(-4). Suppose -2*n - 8 = -y. What is the units digit of n?
0
Let c be 51*3 + (-2)/(-1). Suppose 1 = -n, -3*h + c = -5*n - 0*n. Let x = h - 26. What is the units digit of x?
4
Let i(n) = -n**3 + 8*n**2 + 11*n + 11. Let t be i(10). Let k = t + 7. What is the tens digit of (-2144)/k + (-2)/(-9)?
3
Let l = 3 + 0. Suppose -l*f = 7 - 4. What is the units digit of (78/(-18))/(f/6)?
6
Let w(h) = -h**3 - 3*h**2 + 3*h - 5. Suppose -2*j = -7*j + 15. Suppose 0 = 4*p - 12, -3*i - j*p = -7*i - 29. What is the units digit of w(i)?
0
Suppose 0 = 5*a + w - 138, -2*a = a - 3*w - 72. Suppose 4*x = -0*f + f - a, -2*f + 60 = -2*x. What is the units digit of f?
1
Let c = -284 - -348. What is the units digit of c?
4
Suppose -5*o + 3 = -2*o, -5*o + 2 = a. Let z be (1/a)/(3/(-54)). Let y = 12 - z. What is the units digit of y?
6
Suppose -90 = -3*q - 2*q. Let z = 3 - -1. Suppose z = i - q. What is the units digit of i?
2
Let g be 0/4*(1 + 0). Suppose o + 3*t + 9 = g, t + 1 = -o - 0*t. Suppose 0*b - 23 = -2*b + z, -o*b = 4*z - 29. What is the tens digit of b?
1
Let z = -11 + 11. Suppose -2*p + z*p - 24 = 0. What is the tens digit of ((-4)/6)/(p/198)?
1
Let q(x) = -3631*x - 5. What is the units digit of q(-1)?
6
Let i be (12*(-1)/5)/(4/(-10)). Suppose -i*w = -134 - 364. What is the tens digit of w?
8
What is the thousands digit of 47 + -49 - (-1235 + -1 - -1)?
1
Let i(f) = -545*f**3 - f**2 + 2. What is the tens digit of i(-1)?
4
Suppose -274*u + 5925 = -269*u. What is the hundreds digit of u?
1
Suppose 0 = 4*p - 0*p. Suppose 5*q + 2*r - 734 = p, -2*q = -3*r - 131 - 174. What is the tens digit of q?
4
Let j be (-4)/18 - (-14)/63. Suppose 5*v + 2*w - 25 = 0, -3*v - 4*w + 11 + 18 = j. Suppose v*p - 224 = -4*p. What is the units digit of p?
2
Let z = 2305 - 1630. What is the hundreds digit of z?
6
Let x(k) be the first derivative of -11*k**4/2 - k**3/3 + 3. What is the tens digit of x(-2)?
7
Let f be 2/(-17) - 1*2/(-17). Suppose f = 7*m - 502 - 611. What is the tens digit of m?
5
Let q(t) = 2*t**3 + 59*t**2 + 17*t - 68. What is the tens digit of q(-29)?
8
What is the units digit of (-65)/10*142*-1?
3
Let y(a) = 2203*a**3 + 4*a**2 - 3*a. What is the thousands digit of y(1)?
2
Let m(l) = -l + 7. Let a be m(0). Let w(s) = s**3 - 6*s**2 - 6*s + 5. Let u be w(a). Suppose f = -2*p + 12, -3*f - 24 = -3*p + u. What is the units digit of p?
8
Let b(w) = -4*w**2 + w + 1. Let z be b(-4). Suppose 5*h - d = -691 + 142, 5*d - 325 = 3*h. Let q = z - h. What is the tens digit of q?
4
Let r be -1 - -1*1*-2. Let s(c) be the second derivative of c**4/4 - c**3/3 + c**2 - 13*c + 1. What is the units digit of s(r)?
5
Let y = -6 + 10. Let q be (-2)/(-11)*12 - 4/22. Suppose q*t + 10 = d, t = -5*d - y*t + 80. What is the tens digit of d?
1
Suppose -3*b = -8*b + m + 8, 6 = 4*b - m. Let y be (-2 - b) + 4/2. What is the tens digit of (60/42)/(y/(-14))?
1
Let d = 28 + -9. Suppose 0 = -a + 5*w + d + 1, -2 = 2*a + 4*w. What is the units digit of a?
5
What is the hundreds digit of (-2)/(-3) - (-18910)/30 - 3?
6
Let g(m) = 0 - m**3 - 3 - 4 - 4*m - 6*m**2 + 0*m. Let b be g(-6). What is the units digit of b/3 - 2/3?
5
Let s(o) = 5*o**2 - o. Let f be s(-1). Suppose -3*t + f + 0 = 0. Suppose -42 = -3*h + t*p, -p = -3*h - 5*p + 24. What is the tens digit of h?
1
Let u = 37 - 61. Let h(o) = -o**2 - 25*o + 29. What is the units digit of h(u)?
3
Suppose -4*d + 489 + 139 = 0. Suppose 2*f + 404 = 5*y - 2*f, 3*f - d = -2*y. What is the units digit of y?
0
What is the hundreds digit of 8/18 + (-127248)/(-432)?
2
Let t = -16 + 22. What is the tens digit of 472/t - (-2)/6?
7
Suppose 0 = -z + 7*z - 24. Let h(t) = -t**3 + 8*t**2 - 7*t - 4. Let n be h(6). What is the tens digit of 852/39 + z/n?
2
Suppose -2667 = -11*r + 2855. What is the hundreds digit of r?
5
Let i be -14 - -6*(-4)/(-8). Let m = i - -13. Suppose -70 = -m*k - 6. What is the tens digit of k?
3
Suppose 0 = 4*b + 2*c + 22, c - 7 = -2*b + 6*b. What is the hundreds digit of ((-15)/4)/(b/504*3)?
2
Let m be (-18)/(-63) + (-12)/(-7). Suppose h = 5*p - m*h - 27, -4*h = 16. Suppose -p*u + 11 + 22 = 0. What is the tens digit of u?
1
Suppose -3*q + 8 + 100 = 0. Let x = 78 - q. What is the tens digit of x?
4
Let z be (0 - -16)*(-1)/2. Let f = z - -16. What is the units digit of (2 - (-3 + f))/(-3)?
1
Let v(k) = -2*k**3 - 8*k**2 + 9*k + 21. What is the hundreds digit of v(-6)?
1
Let d(o) = 2*o**2 - 6*o - 37. What is the hundreds digit of d(-17)?
6
Let r = 354 - -3921. What is the thousands digit of r?
4
Let s(y) = -29*y**2 - 20*y - 24. Let v(o) = 10*o**2 + 7*o + 8. Let l(q) = -4*s(q) - 11*v(q). What is the hundreds digit of l(4)?
1
What is the units digit of 3813 - (12/15)/((-1)/5)?
7
What is the hundreds digit of (-6*(-4688)/(-72))/(2/(-3))?
5
Let v(m) = -32*m - 12. What is the hundreds digit of v(-8)?
2
Suppose 5*k - 3*t - 127 = 0, -k - 4*t = -26 - 4. What is the tens digit of (-679)/(-4) - (3 - k/8)?
7
Suppose 86*h - 87*h + 168 = 0. What is the hundreds digit of h?
1
Suppose -6*q + 10 + 8 = 0. Suppose q*n = 5*n - 256. What is the hundreds digit of n?
1
Suppose -2*t = -7*t. Suppose -a + 3*b - 6*b - 32 = t, -5*a + 5*b = 260. What is the units digit of (a/(-2))/(4/8)?
7
Suppose -4*x + 140 = x. Let h = x - -12. What is the units digit of h?
0
Let g(l) = -l**2 - 10*l - 10. Let i be g(-9). What is the tens digit of (-2610)/(-40) - i/(-4)?
6
Let y = -311 - -360. What is the tens digit of y?
4
Let i = -179 - -400. Suppose -178 = -4*x + 4*r - 2*r, -5*x + i = -3*r. Suppose 4*l + 64 = 2*t, x = 2*t + 2*l - 0*l. What is the tens digit of t?
2
Let h be (-58)/(-7) + (-8)/28. Suppose 4*y = h, s = -s + 5*y. Suppose -t = -4*q + 101, -s*q + 0*t - t = -133. What is the units digit of q?
6
Let n = -430 + 704. What is the units digit of n?
4
Let z(s) = 34*s**3 + 4*s**2 - 27*s + 7. What is the thousands digit of z(4)?
2
Suppose -3656 = -y - y + 5*d, d - 4 = 0. What is the hundreds digit of y?
8
Let r = -24 - -66. Let v = r + -9. What is the tens digit of v?
3
Let i(y) = -y**2 + 6*y + 22. Let t be i(8). Suppose -t*x = -2*x - 844. What is the hundreds digit of x?
2
Let g be 15/2*(-112)/(-24). Suppose -g*x = -40*x + 30. What is the units digit of x?
6
Let b = 400 - 279. What is the tens digit of b?
2
Let p(b) = 5 - 6 + 10*b + 10 + 7. What is the tens digit of p(6)?
7
Let j(d) be the third derivative of 2/3*d**3 + 0 - 5/12*d**4 + 11*d**2 + 0*d. What is the units digit of j(-7)?
4
Suppose -3*v - 63 = q, -2*q - 2*q = -3*v + 177. Let b = q - -23. What is the tens digit of (-1)/5 + (-1205)/b?
4
Let q(g) = -g**2 - 7*g + 2*g**2 - 3*g + 12. Let n be q(9). Suppose n*a + 7 = 5*h - 323, a = 0. What is the tens digit of h?
6
Let d(m) = 8*m**2 - 27*m + 68. What is the units digit of d(24)?
8
Let d(q) = 25*q - 3. Let l(a) = -25*a + 3. Let i(k) = 3*d(k) + 4*l(k). Let m be i(-7). What is the tens digit of m/6 + (-10)/(-30)?
3
Suppose -y - 344 = -2*i, 0 = -3*i + 4*i - 5*y - 154. Suppose -2*x + 0*x = -4*d + i, -5*x = -2*d + 75. What is the tens digit of d?
4
Let f be 114 - (2/(-1) - -3). Let d = f + -29. Suppose -2*i + d = 3*i + b, 2*i - 30 = -4*b. What is the tens digit of i?
1
Let s(r) = 226*r - 4. Let q(i) = 452*i - 7. Let g(j) = -6*q(j) + 11*s(j). What is the tens digit of g(-1)?
2
Let s be 0/(-3) - (-2 + -1). Let w(v) = -6*v**3 + 2*v +